{"id":122,"date":"2020-05-27T14:57:37","date_gmt":"2020-05-27T12:57:37","guid":{"rendered":"http:\/\/lachapellesaintlaud.fr\/?page_id=122"},"modified":"2020-06-20T09:37:48","modified_gmt":"2020-06-20T07:37:48","slug":"histoire-de-la-commune","status":"publish","type":"page","link":"http:\/\/lachapellesaintlaud.fr\/?page_id=122","title":{"rendered":"Histoire de la commune"},"content":{"rendered":"<div id=\"fb-root\"><\/div>\n\n<div class=\"wp-block-ctl-instant-timeline\"><div class=\"ctl-instant-timeline block-1591266400191  both-sided\" style=\"--timeLineColor:#bc0105;--textColor:#dd4200;--titleSize:28px;--descriptionSize:13px;--timeSize:28px\"><div class=\"timeline-content\"><div class=\"ctl-row\"><div class=\"ctl-col-6\"><div class=\"story-time\"><div style=\"color:#dd4200;font-size:28px\">1080<\/div><\/div><\/div><div class=\"ctl-col-6\"><div class=\"story-details\"><div class=\"story-image\"><\/div><h3 style=\"color:#dd4200;font-size:28px;line-height:37.52px\"><strong>Les Origines<\/strong><\/h3><p style=\"color:#dd4200;font-size:13px;line-height:22.49px\">La Chapelle Saint Laud trouve ses origines vers l\u2019an 1080.<br>Le nom latin est\u00a0: \u00ab\u00a0Capella quae est in silva circa\u00a0\u00bb\u00a0: ce qui signifie\u00a0: La Chapelle qui est entour\u00e9e de for\u00eats.<br>Il s\u2019agit en effet de la for\u00eat de Chambiers qui \u00e0 l\u2019\u00e9poque \u00e9tait beaucoup plus grande que maintenant\u00a0: elle mesurait 20 \u00e0 22 kilom\u00e8tres de tour, elle appartenait aux comtes d\u2019Anjou et s\u2019\u00e9tendait jusqu\u2019\u00e0 Baug\u00e9.<\/p><\/div><\/div><\/div><\/div><div class=\"timeline-content\"><div class=\"ctl-row\"><div class=\"ctl-col-6\"><div class=\"story-details\"><div class=\"story-image\"><\/div><h3 style=\"color:#dd4200;font-size:28px;line-height:37.52px\"><strong>Le Monast\u00e8re<\/strong><\/h3><p style=\"color:#dd4200;font-size:13px;line-height:22.49px\">Tout le territoire n\u2019\u00e9tait qu\u2019une for\u00eat inhabit\u00e9e quand Foulques Le R\u00e9chin (seigneur de Durtal) en 1062<br>en donna un canton aux chanoines de Saint Laud d\u2019Angers.<br>Ceux-ci de son aveu, le firent imm\u00e9diatement d\u00e9fricher et couvrir en partie de maisons \u00e0 l\u2019entour d\u2019une \u00e9glise construite sur le point haut du secteur\u00a0: ainsi \u00e9tait n\u00e9e La Chapelle Saint Laud voici presque un mill\u00e9naire.<\/p><\/div><\/div><div class=\"ctl-col-6\"><div class=\"story-time\"><div style=\"color:#dd4200;font-size:28px\">1062<\/div><\/div><\/div><\/div><\/div><div class=\"timeline-content\"><div class=\"ctl-row\"><div class=\"ctl-col-6\"><div class=\"story-time\"><div style=\"color:#dd4200;font-size:28px\">1390<\/div><\/div><\/div><div class=\"ctl-col-6\"><div class=\"story-details\"><div class=\"story-image\"><\/div><h3 style=\"color:#dd4200;font-size:28px;line-height:37.52px\"><strong>La Paroisse<\/strong><\/h3><p style=\"color:#dd4200;font-size:13px;line-height:22.49px\">On disait\u00a0: \u00ab\u00a0La Paroesse de La Chapelle Saint Lo\u00a0\u00bb.<\/p><\/div><\/div><\/div><\/div><div class=\"timeline-content\"><div class=\"ctl-row\"><div class=\"ctl-col-6\"><div class=\"story-details\"><div class=\"story-image\"><\/div><h3 style=\"color:#dd4200;font-size:28px;line-height:37.52px\"><strong>La R\u00e9volution<\/strong><\/h3><p style=\"color:#dd4200;font-size:13px;line-height:22.49px\">A La R\u00e9volution Fran\u00e7aise\u00a0: les communes ayant un nom christianis\u00e9 sont rebaptis\u00e9es\u00a0: ainsi La Chapelle Saint Laud sera renomm\u00e9e temporairement\u00a0: \u00ab\u00a0 La Montagne\u00a0\u00bb.\u00a0Apr\u00e8s la r\u00e9volution la commune reprit son nom d\u2019origine\u00a0 et \u00e0 ce jour\u00a0: elle n\u2019est pas regroup\u00e9e \u00e0 une autre commune.<\/p><\/div><\/div><div class=\"ctl-col-6\"><div class=\"story-time\"><div style=\"color:#dd4200;font-size:28px\">1790<\/div><\/div><\/div><\/div><\/div><div class=\"timeline-content\"><div class=\"ctl-row\"><div class=\"ctl-col-6\"><div class=\"story-time\"><div style=\"color:#dd4200;font-size:28px\">2003<\/div><\/div><\/div><div class=\"ctl-col-6\"><div class=\"story-details\"><div class=\"story-image\"><\/div><h3 style=\"color:#dd4200;font-size:28px;line-height:37.52px\"><strong>Les Capellaudains<\/strong><\/h3><p style=\"color:#dd4200;font-size:13px;line-height:22.49px\">Les habitants de La Chapelle Saint Laud sont nomm\u00e9s Les Capellaudains et Capellaudaines, cela apr\u00e8s sondage aupr\u00e8s de la population.<\/p><\/div><\/div><\/div><\/div><\/div><\/div>\n\n\n\n<h2><strong>Situation de la commune<\/strong><\/h2>\n\n\n\n<p>La commune a une superficie de 1063 Hectares. La Chapelle Saint Laud s\u2019\u00e9l\u00e8ve sur la cr\u00eate d\u2019un coteau \u00e0 85 m\u00e8tres du niveau de la mer&nbsp;: le point culminant est situ\u00e9 sur la Butte Des Blinettes (98 m\u00e8tres de haut)&nbsp;: 3\u00e8me point le plus haut du Maine et Loire qui sera utilis\u00e9 en 1794 par Claude CHAPPE comme relais t\u00e9l\u00e9graphique. Il servit \u00e9galement d\u2019observatoire aux ALLEMANDS pendant la deuxi\u00e8me guerre mondiale.<\/p>\n\n\n\n<p>La commune se compose de deux principaux bourgs (Le Bourgneuf \u00e9tendu le long de la Route D\u00e9partementale 323&nbsp;: ex&nbsp;: Route Imp\u00e9riale et o\u00f9 se situe la Mairie) et le vieux bourg (portant son nom et construit \u00e0 l\u2019origine autour de son \u00e9glise).<\/p>\n\n\n\n<p>Acc\u00e8s facile favoris\u00e9 par les voies de communication&nbsp;:<\/p>\n\n\n\n<p class=\"has-text-align-center\">RD 323 (Rue Nationale au Bourgneuf) qui est \u00e0 25 minutes d\u2019Angers et 25 minutes de La Fl\u00e8che.<\/p>\n\n\n\n<p class=\"has-text-align-center\">RD 136 (Rue Pierre Jouanneau et Rue de Bellevue).<\/p>\n\n\n\n<p class=\"has-text-align-center\">Bretelle d\u2019acc\u00e8s par l\u2019autoroute Nantes-Paris et Angers-Tours \u00e0 6 minutes apr\u00e8s Marc\u00e9.<\/p>\n\n\n\n<p class=\"has-text-align-center\">Gare la plus proche \u00e0 TIERCE \u00e0 15 minutes.<\/p>\n\n\n\n<h2><strong>Les monuments<\/strong><\/h2>\n\n\n\n<ul><li><em>Ancienne Eglise Pl\u00e9b\u00e9ienne ou Chapelle fu Bourgneuf&nbsp;:<\/em><\/li><\/ul>\n\n\n\n<p class=\"has-text-align-center\"><strong>L\u2019<\/strong>\u00e9difice mena\u00e7ant ruine a \u00e9t\u00e9 d\u00e9capit\u00e9 au moment de la r\u00e9volution fran\u00e7aise. Sa construction remontait au XII\u00e9me si\u00e8cle. Le dernier vestige de cette \u00e9glise (1 pilier) disparut lors des travaux d\u2019am\u00e9nagement de la nouvelle mairie (inauguration le 03\/06\/1984).<\/p>\n\n\n<p><a name=\"eglise&quot;\"><\/a><\/p>\n\n\n\n<ul><li><strong>Eglise \u00ab&nbsp;Notre Dame \u00ab&nbsp; \u00e0 La Chapelle ST Laud&nbsp;:<\/strong><\/li><\/ul>\n\n\n\n<p>L\u2019\u00e9glise d\u00e9di\u00e9e \u00e0 Notre Dame s\u2019\u00e9l\u00e8ve au bourg antique. Nef unique, chevet plat. Les murs remontent en partie au XII\u00e8me si\u00e8cle. Quelques chapiteaux anciens au porche que surmonte le clocher (1771).<\/p>\n\n\n\n<p>En haut du clocher&nbsp;: on observera un drapeau r\u00e9publicain et un coq \u00e9rig\u00e9 en 1785.<\/p>\n\n\n\n<p>L\u2019\u00e9glise est actuellement desservie par le cur\u00e9 de Seiches Sur Le Loir.<\/p>\n\n\n\n<p>Le dernier cur\u00e9 avant la r\u00e9volution (Louis Lancelot)&nbsp;: vicaire de Bourgneuf depuis 1774 et cur\u00e9 de La Chapelle Saint Laud le 29\/08\/1780 refusa de pr\u00eater serment \u00e0 la constitution civile du clerg\u00e9 et fut d\u00e9port\u00e9 en Espagne pendant 20 ans.<\/p>\n\n\n\n<p>En 1800, il vint reprendre sa cure et y mourut le 08 Mai 1820 \u00e0 l\u2019\u00e2ge de 73 ans.<\/p>\n\n\n\n<p>Sa tombe se voit dans le cimeti\u00e8re avec cette \u00e9pitaphe&nbsp;bien m\u00e9rit\u00e9e :&nbsp;\u00ab&nbsp;Ci-git un bon pasteur, qui toujours fit le bien, re\u00e7u peu, donna tout et ne demanda rien&nbsp;\u00bb<\/p>\n\n\n\n<h2><strong>\u00c9volution D\u00e9mographique<\/strong><\/h2>\n\n\n\n<p>L\u2019\u00e9volution du nombre d\u2019habitants est connue \u00e0 travers les recensements de la population effectu\u00e9e dans la commune depuis 1793.<\/p>\n\n\n\n<p>Avant la R\u00e9volution Fran\u00e7aise&nbsp;: la population \u00e9tait compt\u00e9e en nombre de feux (ensemble d\u2019habitants d\u2019un m\u00eame foyer)&nbsp;:<\/p>\n\n\n\n<p>1720\/1726&nbsp;: 102 Feux (environ 463 habitants)<\/p>\n\n\n\n<p>1789&nbsp;: 115 Feux (environ&nbsp;522 habitants).<\/p>\n\n\n\n<p>La population a connu son creux en 1975 (285 habitants)&nbsp;: depuis cette date elle n\u2019a cess\u00e9 de s\u2019accro\u00eetre avec l\u2019am\u00e9nagement de 3 lotissements en 50 ans&nbsp;et de nombreuses maisons individuelles : elle atteint d\u00e9sormais 769 habitants au dernier recensement de 2020.<\/p>\n\n\n<div id=\"visualizer-232-58059339\" class=\"visualizer-front  visualizer-front-232\"><\/div><!-- Not showing structured data for chart 232 because title is empty -->","protected":false},"excerpt":{"rendered":"<p>Situation de la commune La commune a une superficie de 1063 Hectares. La Chapelle Saint Laud s\u2019\u00e9l\u00e8ve sur la cr\u00eate d\u2019un coteau \u00e0 85 m\u00e8tres du niveau de la mer&nbsp;: le point culminant est situ\u00e9 &hellip;<\/p>\n","protected":false},"author":1,"featured_media":0,"parent":0,"menu_order":0,"comment_status":"closed","ping_status":"closed","template":"","meta":[],"yoast_head":"<!-- This site is optimized with the Yoast SEO plugin v14.2 - https:\/\/yoast.com\/wordpress\/plugins\/seo\/ -->\n<title>Histoire de la commune - La Chapelle Saint Laud<\/title>\n<meta name=\"robots\" content=\"index, follow\" \/>\n<meta name=\"googlebot\" content=\"index, follow, max-snippet:-1, max-image-preview:large, max-video-preview:-1\" \/>\n<meta name=\"bingbot\" content=\"index, follow, max-snippet:-1, max-image-preview:large, max-video-preview:-1\" \/>\n<link rel=\"canonical\" href=\"http:\/\/lachapellesaintlaud.fr\/?page_id=122\" \/>\n<meta property=\"og:locale\" content=\"fr_FR\" \/>\n<meta property=\"og:type\" content=\"article\" \/>\n<meta property=\"og:title\" content=\"Histoire de la commune - La Chapelle Saint Laud\" \/>\n<meta property=\"og:description\" content=\"Situation de la commune La commune a une superficie de 1063 Hectares. La Chapelle Saint Laud s\u2019\u00e9l\u00e8ve sur la cr\u00eate d\u2019un coteau \u00e0 85 m\u00e8tres du niveau de la mer&nbsp;: le point culminant est situ\u00e9 &hellip;\" \/>\n<meta property=\"og:url\" content=\"http:\/\/lachapellesaintlaud.fr\/?page_id=122\" \/>\n<meta property=\"og:site_name\" content=\"La Chapelle Saint Laud\" \/>\n<meta property=\"article:modified_time\" content=\"2020-06-20T07:37:48+00:00\" \/>\n<meta name=\"twitter:card\" content=\"summary_large_image\" \/>\n<script type=\"application\/ld+json\" class=\"yoast-schema-graph\">{\"@context\":\"https:\/\/schema.org\",\"@graph\":[{\"@type\":\"WebSite\",\"@id\":\"http:\/\/lachapellesaintlaud.fr\/#website\",\"url\":\"http:\/\/lachapellesaintlaud.fr\/\",\"name\":\"La Chapelle Saint Laud\",\"description\":\"\",\"potentialAction\":[{\"@type\":\"SearchAction\",\"target\":\"http:\/\/lachapellesaintlaud.fr\/?s={search_term_string}\",\"query-input\":\"required name=search_term_string\"}],\"inLanguage\":\"fr-FR\"},{\"@type\":\"WebPage\",\"@id\":\"http:\/\/lachapellesaintlaud.fr\/?page_id=122#webpage\",\"url\":\"http:\/\/lachapellesaintlaud.fr\/?page_id=122\",\"name\":\"Histoire de la commune - La Chapelle Saint Laud\",\"isPartOf\":{\"@id\":\"http:\/\/lachapellesaintlaud.fr\/#website\"},\"datePublished\":\"2020-05-27T12:57:37+00:00\",\"dateModified\":\"2020-06-20T07:37:48+00:00\",\"inLanguage\":\"fr-FR\",\"potentialAction\":[{\"@type\":\"ReadAction\",\"target\":[\"http:\/\/lachapellesaintlaud.fr\/?page_id=122\"]}]}]}<\/script>\n<!-- \/ Yoast SEO plugin. -->","_links":{"self":[{"href":"http:\/\/lachapellesaintlaud.fr\/index.php?rest_route=\/wp\/v2\/pages\/122"}],"collection":[{"href":"http:\/\/lachapellesaintlaud.fr\/index.php?rest_route=\/wp\/v2\/pages"}],"about":[{"href":"http:\/\/lachapellesaintlaud.fr\/index.php?rest_route=\/wp\/v2\/types\/page"}],"author":[{"embeddable":true,"href":"http:\/\/lachapellesaintlaud.fr\/index.php?rest_route=\/wp\/v2\/users\/1"}],"replies":[{"embeddable":true,"href":"http:\/\/lachapellesaintlaud.fr\/index.php?rest_route=%2Fwp%2Fv2%2Fcomments&post=122"}],"version-history":[{"count":13,"href":"http:\/\/lachapellesaintlaud.fr\/index.php?rest_route=\/wp\/v2\/pages\/122\/revisions"}],"predecessor-version":[{"id":608,"href":"http:\/\/lachapellesaintlaud.fr\/index.php?rest_route=\/wp\/v2\/pages\/122\/revisions\/608"}],"wp:attachment":[{"href":"http:\/\/lachapellesaintlaud.fr\/index.php?rest_route=%2Fwp%2Fv2%2Fmedia&parent=122"}],"curies":[{"name":"wp","href":"https:\/\/api.w.org\/{rel}","templated":true}]}}